{"id":378,"date":"2020-07-10T12:32:25","date_gmt":"2020-07-10T17:32:25","guid":{"rendered":"http:\/\/localhost\/crtmv3\/?page_id=378"},"modified":"2020-07-15T16:10:14","modified_gmt":"2020-07-15T21:10:14","slug":"contactenos","status":"publish","type":"page","link":"https:\/\/www.crtmdelpacifico.org\/cvac\/contactenos\/","title":{"rendered":"Cont\u00e1ctenos"},"content":{"rendered":"\n<img decoding=\"async\" src=\"..\/fotos\/Logo%20CRTM%20del%20Pacifico.gif\" class=\"d-block mx-auto\">\n\n\n\n<p>Cali: CRTM del Pacifico: Tel\u00e9fono: 57-315 577 66 37;<\/p>\n\n\n\n<p>e-mail: crtmcali@crtmdelpacifico.org.co; crtmdelpacifico@crtmdelpacifico.org.co<\/p>\n\n\n\n<p>Oficinas: Antigua ILV<br>Bogot\u00e1: crtmbogota@crtmdelpacifico.org.co<\/p>\n\n\n\n<p><br>En su comunicaci\u00f3n o consulta adjunte por favor los siguientes datos:<br><br>Nombre:<br>Empresa:<br>Cargo:<br>Direcci\u00f3n:<br>Ciudad:<br>Tel\u00e9fono:<br>e-mail:<br><br>Agradecemos, suministre la mayor informaci\u00f3n posible con el animo de darle oportuna respuesta a sus inquietudes.<br><\/p>\n","protected":false},"excerpt":{"rendered":"<p><img decoding=\"async\" src=\"..\/fotos\/Logo%20CRTM%20del%20Pacifico.gif\" class=\"d-block mx-auto\"><\/p>\n<p>Cali: CRTM del Pacifico: Tel\u00e9fono: 57-315 577 66 37;<\/p>\n<p>e-mail: crtmcali@crtmdelpacifico.org.co; crtmdelpacifico@crtmdelpacifico.org.co<\/p>\n<p>Oficinas: Antigua ILVBogot\u00e1: crtmbogota@crtmdelpacifico.org.co<\/p>\n<p>En su comunicaci\u00f3n o consulta adjunte por favor los siguientes datos:Nombre:Empresa:Cargo:Direcci\u00f3n:Ciudad:Tel\u00e9fono:e-mail:Agradecemos, suministre la mayor informaci\u00f3n posible con el animo de darle oportuna respuesta a sus inquietudes.<\/p>\n","protected":false},"author":1,"featured_media":0,"parent":0,"menu_order":0,"comment_status":"closed","ping_status":"closed","template":"","meta":{"footnotes":""},"class_list":["post-378","page","type-page","status-publish","hentry"],"_links":{"self":[{"href":"https:\/\/www.crtmdelpacifico.org\/cvac\/wp-json\/wp\/v2\/pages\/378","targetHints":{"allow":["GET"]}}],"collection":[{"href":"https:\/\/www.crtmdelpacifico.org\/cvac\/wp-json\/wp\/v2\/pages"}],"about":[{"href":"https:\/\/www.crtmdelpacifico.org\/cvac\/wp-json\/wp\/v2\/types\/page"}],"author":[{"embeddable":true,"href":"https:\/\/www.crtmdelpacifico.org\/cvac\/wp-json\/wp\/v2\/users\/1"}],"replies":[{"embeddable":true,"href":"https:\/\/www.crtmdelpacifico.org\/cvac\/wp-json\/wp\/v2\/comments?post=378"}],"version-history":[{"count":3,"href":"https:\/\/www.crtmdelpacifico.org\/cvac\/wp-json\/wp\/v2\/pages\/378\/revisions"}],"predecessor-version":[{"id":587,"href":"https:\/\/www.crtmdelpacifico.org\/cvac\/wp-json\/wp\/v2\/pages\/378\/revisions\/587"}],"wp:attachment":[{"href":"https:\/\/www.crtmdelpacifico.org\/cvac\/wp-json\/wp\/v2\/media?parent=378"}],"curies":[{"name":"wp","href":"https:\/\/api.w.org\/{rel}","templated":true}]}}