{"id":373,"date":"2020-07-10T12:00:21","date_gmt":"2020-07-10T17:00:21","guid":{"rendered":"http:\/\/localhost\/crtmv3\/?page_id=373"},"modified":"2020-07-15T16:09:43","modified_gmt":"2020-07-15T21:09:43","slug":"objetivos","status":"publish","type":"page","link":"https:\/\/www.crtmdelpacifico.org\/cvac\/objetivos\/","title":{"rendered":"Objetivos"},"content":{"rendered":"\n<p>Objetivos Compartidos Nacionales<\/p>\n\n\n\n<img decoding=\"async\" src=\"..\/fotos\/Mejoramiento2.JPG\" class=\"d-block mx-auto\">\n\n\n\n<p>1.Contribuir a la modernizaci\u00f3n, competitividad e internacionalizaci\u00f3n de las empresas de la cadena Metalmec\u00e1nica Colombiana.<\/p>\n\n\n\n<p>2.Ser una organizaci\u00f3n innovadora en la soluci\u00f3n de las necesidades tecnol\u00f3gicas de los Subsectores metal\u00fargico, metalmec\u00e1nica, bienes de capital y automotriz.<\/p>\n\n\n\n<p>3.Constituirse en la infraestructura t\u00e9cnica de apoyo a los gremios vinculados a la cadena metalmec\u00e1nica.<\/p>\n\n\n\n<p>4.Actuar como mecanismo articulador entre la oferta y la demanda tecnol\u00f3gica.<\/p>\n","protected":false},"excerpt":{"rendered":"<p>Objetivos Compartidos Nacionales<\/p>\n<p><img decoding=\"async\" src=\"..\/fotos\/Mejoramiento2.JPG\" class=\"d-block mx-auto\"><\/p>\n<p>1.Contribuir a la modernizaci\u00f3n, competitividad e internacionalizaci\u00f3n de las empresas de la cadena Metalmec\u00e1nica Colombiana.<\/p>\n<p>2.Ser una organizaci\u00f3n innovadora en la soluci\u00f3n de las necesidades tecnol\u00f3gicas de los Subsectores metal\u00fargico, metalmec\u00e1nica, bienes de capital y automotriz.<\/p>\n<p>3.Constituirse en la infraestructura t\u00e9cnica de apoyo a los gremios vinculados a la cadena metalmec\u00e1nica.<\/p>\n<p>4.Actuar como mecanismo articulador entre la oferta y la demanda tecnol\u00f3gica.<\/p>\n","protected":false},"author":1,"featured_media":0,"parent":0,"menu_order":0,"comment_status":"closed","ping_status":"closed","template":"","meta":{"footnotes":""},"class_list":["post-373","page","type-page","status-publish","hentry"],"_links":{"self":[{"href":"https:\/\/www.crtmdelpacifico.org\/cvac\/wp-json\/wp\/v2\/pages\/373","targetHints":{"allow":["GET"]}}],"collection":[{"href":"https:\/\/www.crtmdelpacifico.org\/cvac\/wp-json\/wp\/v2\/pages"}],"about":[{"href":"https:\/\/www.crtmdelpacifico.org\/cvac\/wp-json\/wp\/v2\/types\/page"}],"author":[{"embeddable":true,"href":"https:\/\/www.crtmdelpacifico.org\/cvac\/wp-json\/wp\/v2\/users\/1"}],"replies":[{"embeddable":true,"href":"https:\/\/www.crtmdelpacifico.org\/cvac\/wp-json\/wp\/v2\/comments?post=373"}],"version-history":[{"count":1,"href":"https:\/\/www.crtmdelpacifico.org\/cvac\/wp-json\/wp\/v2\/pages\/373\/revisions"}],"predecessor-version":[{"id":586,"href":"https:\/\/www.crtmdelpacifico.org\/cvac\/wp-json\/wp\/v2\/pages\/373\/revisions\/586"}],"wp:attachment":[{"href":"https:\/\/www.crtmdelpacifico.org\/cvac\/wp-json\/wp\/v2\/media?parent=373"}],"curies":[{"name":"wp","href":"https:\/\/api.w.org\/{rel}","templated":true}]}}

<p>Objetivos Compartidos Nacionales</p>



<img decoding="async" src="../fotos/Mejoramiento2.JPG" class="d-block mx-auto">



<p>1.Contribuir a la modernización, competitividad e internacionalización de las empresas de la cadena Metalmecánica Colombiana.</p>



<p>2.Ser una organización innovadora en la solución de las necesidades tecnológicas de los Subsectores metalúrgico, metalmecánica, bienes de capital y automotriz.</p>



<p>3.Constituirse en la infraestructura técnica de apoyo a los gremios vinculados a la cadena metalmecánica.</p>



<p>4.Actuar como mecanismo articulador entre la oferta y la demanda tecnológica.</p>

<p>Objetivos Compartidos Nacionales</p>
<p><img decoding="async" src="../fotos/Mejoramiento2.JPG" class="d-block mx-auto"></p>
<p>1.Contribuir a la modernización, competitividad e internacionalización de las empresas de la cadena Metalmecánica Colombiana.</p>
<p>2.Ser una organización innovadora en la solución de las necesidades tecnológicas de los Subsectores metalúrgico, metalmecánica, bienes de capital y automotriz.</p>
<p>3.Constituirse en la infraestructura técnica de apoyo a los gremios vinculados a la cadena metalmecánica.</p>
<p>4.Actuar como mecanismo articulador entre la oferta y la demanda tecnológica.</p>
