{"id":345,"date":"2020-07-09T11:14:58","date_gmt":"2020-07-09T16:14:58","guid":{"rendered":"http:\/\/localhost\/crtmv3\/?page_id=345"},"modified":"2020-12-11T14:55:27","modified_gmt":"2020-12-11T19:55:27","slug":"cauca-valley-aerospace-cluster","status":"publish","type":"page","link":"https:\/\/www.crtmdelpacifico.org\/cvac\/cauca-valley-aerospace-cluster\/","title":{"rendered":"CAUCA VALLEY AEROSPACE CLUSTER"},"content":{"rendered":"\n<h2 class=\"wp-block-heading\">Cl\u00faster Aeroespacial del Valle del Cauca<\/h2>\n\n\n\n<img decoding=\"async\" src=\"..\/fotos\/LogoCVAC.jpg\" class=\"d-block mx-auto\">\n\n\n\n<p>El Cl\u00faster Aeroespacial del Valle del Cauca (Cauca Valley Aerospace Cluster \u00f3 CVAC) es tanto una organizaci\u00f3n como una iniciativa estrat\u00e9gica regional. Como organizaci\u00f3n est\u00e1 conformada por empresas, industrias, universidades, centros de investigaci\u00f3n y desarrollo, as\u00ed como diferentes entidades p\u00fablicas y privadas, que se ubican en el valle geogr\u00e1fico del R\u00edo Cauca, Colombia. Como iniciativa estrat\u00e9gica regional busca la transformaci\u00f3n econ\u00f3mica, social y cultural de la regi\u00f3n como un actor de clase mundial en el mercado aeroespacial.<\/p>\n\n\n\n<p>Actualmente la representaci\u00f3n legal del CVAC la realiza el CRTM del Pacifico, Centro de Desarrollo Tecnologico Metalmecanico.<\/p>\n\n\n\n<p><strong>MISION<\/strong><\/p>\n\n\n\n<p>Agrupar, articular, representar y promover a las diferentes entidades p\u00fablicas y privadas de la regi\u00f3n con intereses en el sector aeroespacial. Promover la generaci\u00f3n de condiciones que faciliten el desarrollo econ\u00f3mico, social y cultural de la regi\u00f3n basado en la ciencia, la tecnolog\u00eda y las actividades aeroespaciales.<\/p>\n\n\n\n<p><strong>VISION<\/strong><\/p>\n\n\n\n<p>El CVAC ser\u00e1 no s\u00f3lo una plataforma de negocios y una asociaci\u00f3n de entidades relacionadas con los sectores aeron\u00e1utico y espacial, sino una iniciativa estrat\u00e9gica regional de transformaci\u00f3n econ\u00f3mica, social y cultural orientada a favorecer la creaci\u00f3n de nuevos puestos de trabajo de alta calificaci\u00f3n, as\u00ed como el desarrollo cient\u00edfico y t\u00e9cnico para la inserci\u00f3n como una econom\u00eda altamente competitiva a nivel global.<\/p>\n\n\n\n<p><a href=\"http:\/\/www.crtmdelpacifico.org\/cvac\/wp-content\/uploads\/2020\/12\/PresentacionClusterUSC.pdf\">Vea la Presentaci\u00f3n del Cl\u00faster Aqu\u00ed<\/a><\/p>\n\n\n\n<p><a href=\"..\/media\/CapaciCVAC.pdf\">Vea las Capacidades del Cl\u00faster Aqu\u00ed<\/a><\/p>\n\n\n\n<p><\/p>\n","protected":false},"excerpt":{"rendered":"<p>Cl\u00faster Aeroespacial del Valle del Cauca<\/p>\n<p><img decoding=\"async\" src=\"..\/fotos\/LogoCVAC.jpg\" class=\"d-block mx-auto\"><\/p>\n<p>El Cl\u00faster Aeroespacial del Valle del Cauca (Cauca Valley Aerospace Cluster \u00f3 CVAC) es tanto una organizaci\u00f3n como una iniciativa estrat\u00e9gica regional. Como organizaci\u00f3n est\u00e1 conformada por empresas, industrias, universidades, centros de investigaci\u00f3n y desarrollo, as\u00ed como diferentes entidades p\u00fablicas y privadas, que se ubican en el valle geogr\u00e1fico del R\u00edo Cauca, Colombia. Como iniciativa estrat\u00e9gica regional busca la transformaci\u00f3n econ\u00f3mica, social y cultural de la regi\u00f3n como un actor de [&#8230;]<\/p>\n","protected":false},"author":1,"featured_media":0,"parent":0,"menu_order":0,"comment_status":"closed","ping_status":"closed","template":"","meta":{"footnotes":""},"class_list":["post-345","page","type-page","status-publish","hentry"],"_links":{"self":[{"href":"https:\/\/www.crtmdelpacifico.org\/cvac\/wp-json\/wp\/v2\/pages\/345","targetHints":{"allow":["GET"]}}],"collection":[{"href":"https:\/\/www.crtmdelpacifico.org\/cvac\/wp-json\/wp\/v2\/pages"}],"about":[{"href":"https:\/\/www.crtmdelpacifico.org\/cvac\/wp-json\/wp\/v2\/types\/page"}],"author":[{"embeddable":true,"href":"https:\/\/www.crtmdelpacifico.org\/cvac\/wp-json\/wp\/v2\/users\/1"}],"replies":[{"embeddable":true,"href":"https:\/\/www.crtmdelpacifico.org\/cvac\/wp-json\/wp\/v2\/comments?post=345"}],"version-history":[{"count":5,"href":"https:\/\/www.crtmdelpacifico.org\/cvac\/wp-json\/wp\/v2\/pages\/345\/revisions"}],"predecessor-version":[{"id":650,"href":"https:\/\/www.crtmdelpacifico.org\/cvac\/wp-json\/wp\/v2\/pages\/345\/revisions\/650"}],"wp:attachment":[{"href":"https:\/\/www.crtmdelpacifico.org\/cvac\/wp-json\/wp\/v2\/media?parent=345"}],"curies":[{"name":"wp","href":"https:\/\/api.w.org\/{rel}","templated":true}]}}

<h2 class="wp-block-heading">Clúster Aeroespacial del Valle del Cauca</h2>



<img decoding="async" src="../fotos/LogoCVAC.jpg" class="d-block mx-auto">



<p>El Clúster Aeroespacial del Valle del Cauca (Cauca Valley Aerospace Cluster ó CVAC) es tanto una organización como una iniciativa estratégica regional. Como organización está conformada por empresas, industrias, universidades, centros de investigación y desarrollo, así como diferentes entidades públicas y privadas, que se ubican en el valle geográfico del Río Cauca, Colombia. Como iniciativa estratégica regional busca la transformación económica, social y cultural de la región como un actor de clase mundial en el mercado aeroespacial.</p>



<p>Actualmente la representación legal del CVAC la realiza el CRTM del Pacifico, Centro de Desarrollo Tecnologico Metalmecanico.</p>



<p><strong>MISION</strong></p>



<p>Agrupar, articular, representar y promover a las diferentes entidades públicas y privadas de la región con intereses en el sector aeroespacial. Promover la generación de condiciones que faciliten el desarrollo económico, social y cultural de la región basado en la ciencia, la tecnología y las actividades aeroespaciales.</p>



<p><strong>VISION</strong></p>



<p>El CVAC será no sólo una plataforma de negocios y una asociación de entidades relacionadas con los sectores aeronáutico y espacial, sino una iniciativa estratégica regional de transformación económica, social y cultural orientada a favorecer la creación de nuevos puestos de trabajo de alta calificación, así como el desarrollo científico y técnico para la inserción como una economía altamente competitiva a nivel global.</p>



<p><a href="http://www.crtmdelpacifico.org/cvac/wp-content/uploads/2020/12/PresentacionClusterUSC.pdf">Vea la Presentación del Clúster Aquí</a></p>



<p><a href="../media/CapaciCVAC.pdf">Vea las Capacidades del Clúster Aquí</a></p>



<p></p>

<p>Clúster Aeroespacial del Valle del Cauca</p>
<p><img decoding="async" src="../fotos/LogoCVAC.jpg" class="d-block mx-auto"></p>
<p>El Clúster Aeroespacial del Valle del Cauca (Cauca Valley Aerospace Cluster ó CVAC) es tanto una organización como una iniciativa estratégica regional. Como organización está conformada por empresas, industrias, universidades, centros de investigación y desarrollo, así como diferentes entidades públicas y privadas, que se ubican en el valle geográfico del Río Cauca, Colombia. Como iniciativa estratégica regional busca la transformación económica, social y cultural de la región como un actor de [&#8230;]</p>
